 + 9c792?
9c748
In base 16, what is 1a1d6 + 6?
1a1dc
In base 15, what is 159c49 - 1?
159c48
In base 4, what is 132113 - 311301031?
-311102312
In base 16, what is -32cdf + -3f2?
-330d1
In base 2, what is 100000011011111001100 - -10001?
100000011011111011101
In base 3, what is 201022201121220 - -11?
201022201122001
In base 3, what is -110212121 - 221012110?
-1102002001
In base 16, what is 325 + -3f0?
-cb
In base 15, what is 7dba4 + 29?
7dbcd
In base 5, what is 2000 - 122101110?
-122044110
In base 16, what is -1d - -97b5c8?
97b5ab
In base 13, what is 11 + 1512b9?
1512ca
In base 16, what is 24dc0f - -a0?
24dcaf
In base 11, what is -15573 - 71a?
-16192
In base 15, what is -e6683c + -3?
-e66840
In base 5, what is -222 - 4413442?
-4414214
In base 11, what is -4 - 8315aa72?
-8315aa76
In base 9, what is 22 + -810343?
-810321
In base 13, what is 80a + -20721?
-1cc14
In base 16, what is 51b3b5 + 5?
51b3ba
In base 11, what is 10 - 371647?
-371637
In base 10, what is -82 - -2305846?
2305764
In base 11, what is -45a + 7928?
7479
In base 16, what is 58b - -e6e0?
ec6b
In base 11, what is 10 - 38553924?
-38553914
In base 13, what is 2c9a61 + 59?
2c9aba
In base 13, what is 74a1 - -824?
7cc5
In base 9, what is 221 - 115823?
-115602
In base 16, what is 4020 + 7c65?
bc85
In base 4, what is -21310 + -210331023?
-211012333
In base 9, what is -17 - -6382582?
6382564
In base 5, what is 44001422110 + -2?
44001422103
In base 9, what is 1071 + -8788?
-7717
In base 16, what is -263f + 5e4?
-205b
In base 6, what is -40150 + 452453?
412303
In base 14, what is -54c82 - -4c4?
-5479c
In base 7, what is -116 - -1626313?
1626164
In base 11, what is 28190 + -131?
2805a
In base 5, what is -11 + -134220103012?
-134220103023
In base 16, what is 8 - a1f79?
-a1f71
In base 11, what is 14221a - 12a?
1420a0
In base 10, what is 682350 - -119?
682469
In base 6, what is -110 - 12142141?
-12142251
In base 13, what is -469 + 36c9?
3260
In base 2, what is -10100 + 1010101100011000111101110?
1010101100011000111011010
In base 11, what is 2262 - -16a544?
1717a6
In base 9, what is 5108316 - 3?
5108313
In base 10, what is 59406912 - -3?
59406915
In base 5, what is 2224143330 - -31?
2224143411
In base 14, what is 9 + 22c4265?
22c4270
In base 4, what is -1012030030112 - 0?
-1012030030112
In base 5, what is 1 + -1233403233?
-1233403232
In base 9, what is -250855682 - 2?
-250855684
In base 12, what is 6 - -53a784?
53a78a
In base 13, what is -4 + -29a5c28?
-29a5c2c
In base 13, what is 1456584 - -2?
1456586
In base 11, what is -3 - 369a54?
-369a57
In base 12, what is 15414b5 - -4?
15414b9
In base 13, what is -1 - -452358?
452357
In base 9, what is 12482 + 10300?
22782
In base 12, what is 1b171b + 12?
1b1731
In base 11, what is -1 + 1312365?
1312364
In base 12, what is 50565 + 187b?
52224
In base 16, what is b90c1f4 + -4?
b90c1f0
In base 10, what is -2311 - 20216?
-22527
In base 15, what is -1748 - -1215?
-533
In base 15, what is -9 - -5ea3d7?
5ea3cd
In base 8, what is -40 - 1566772?
-1567032
In base 7, what is 4324 - 312400?
-305043
In base 2, what is 10001011110 + -1010011000?
111000110
In base 14, what is -1b1 + -1d724?
-1d8d5
In base 10, what is -853 + 291?
-562
In base 2, what is 10010001111101000100 - -101000?
10010001111101101100
In base 15, what is -553 + -2319?
-286c
In base 10, what is 8 + -51641?
-51633
In base 10, what is -2 - -2789369?
2789367
In base 16, what is 6f118 - -6?
6f11e
In base 7, what is 311562556 - 0?
311562556
In base 8, what is 2352316 + -321?
2351775
In base 2, what is -1011100011111110100001 - -10101?
-1011100011111110001100
In base 16, what is -260b85 - 0?
-260b85
In base 8, what is -72727 - -33?
-72674
In base 16, what is -2 - 85714d?
-85714f
In base 3, what is 21222 - 10022011002?
-10021212010
In base 5, what is -1144 - 1204102?
-1210301
In base 14, what is 4842 - -dd45?
14787
In base 2, what is 10 + -11010001000011100010010?
-11010001000011100010000
In base 2, what is 101 - 1110011111100110100?
-1110011111100101111
In base 4, what is 121 + 20012001223?
20012002010
In base 14, what is -8 - 14a862?
-14a86a
In base 11, what is -39500 - -265?
-39246
In base 15, what is 1 - -583e6b?
583e6c
In base 9, what is 1016 - -4118?
5135
In base 7, what is -66 - 351421510?
-351421606
In base 2, what is 11 - -1101111111010110111111?
1101111111010111000010
In base 12, what is -bb23 - 137?
-1005a
In base 4, what is -1211 + 102231132012?
102231130201
In base 15, what is b - 9e894?
-9e888
In base 16, what is -2a76127 - 1?
-2a76128
In base 13, what is 894b9 + -84a?
8896c
In base 12, what is -75963 + 23?
-75940
In base 14, what is 52140b0 + 0?
52140b0
In base 11, what is 1a015 - -496?
1a500
In base 15, what is -40e - 782?
-b91
In base 6, what is -2351310 - -104?
-2351202
In base 4, what is -102 - 120310311301?
-120310312003
In base 5, what is 13404441 - -202101?
14112042
In base 2, what is 100011 - 10111111001110010111001?
-10111111001110010010110
In base 9, what is 14130 - 17364?
-3234
In base 14, what is 19 - 487a1?
-48786
In base 15, what is dc09 - -17c5?
104ce
In base 3, what is 22002101 - 10112110?
11112221
In base 3, what is -100 - -1200022111100201?
1200022111100101
In base 15, what is d - 12093?
-12085
In base 14, what is 8213 + 18?
822b
In base 13, what is -8c4b8 + 38?
-8c480
In base 15, what is -ad1ee - -399?
-acd55
In base 13, what is 2c25a5b + 34?
2c25a92
In base 10, what is 2729398 + -19?
2729379
In base 15, what is -d + -4a97c56?
-4a97c64
In base 7, what is -12525065 - 3?
-12525101
In base 10, what is -3918198 + -1?
-3918199
In base 7, what is -240410 + 34052?
-203325
In base 7, what is 41 - -4315215?
4315256
In base 5, what is -4212210401 + 2?
-4212210344
In base 14, what is 253 + -6a4a?
-67d7
In base 5, what is -402014412 - 2?
-402014414
In base 5, what is 34043 + 204030?
243123
In base 15, what is 1948d2 - -17?
1948e9
In base 16, what is 8eee0 - -22a?
8f10a
In base 10, what is 7117 - -584?
7701
In base 9, what is -554863238 + -4?
-554863243
In base 12, what is -60773 + -130?
-608a3
In base 5, what is 4 + -41144240?
-41144231
In base 15, what is 4764 + -1885?
2dce
In base 12, what is -64 + 374a9?
37445
In base 16, what is -aa93f01 + 3?
-aa93efe
In base 10, what is -76893 - 6?
-76899
In base 4, what is -2 - -123111213130?
123111213122
In base 6, what is -4400011440 + 2?
-4400011434
In base 5, what is 411001422 + -2?
411001420
In base 15, what is 8 + 1ce85c5?
1ce85cd
In base 8, what is -34204011 - 0?
-34204011
In base 11, what is -18239 + -1973?
-1a101
In base 3, what is 20211110222 + 11102211?
20222220210
In base 2, what is 1010 + -11110010000010010000?
-11110010000010000110
In base 2, what is -100 - 11000000110110101011?
-11000000110110101111
In base 15, what is -13 + -1d3a963?
-1d3a976
In base 6, what is -3214230452 - 123?
-3214231015
In base 10, what is -5 - -55046699?
55046694
In base 9, what is -248882 - 438?
-250431
In base 2, what is 1100111010011101110 - -101101?
1100111010100011011
In base 11, what is 2aa234 + 27?
2aa260
In base 7, what is -12242 - 61?
-12333
In base 15, what is -13 + -a311b4?
-a311c7
In base 4, what is -1322020200 - 12?
-1322020212
In base 10, what is -206 + -36?
-242
In base 11, what is -6643 + -44?
-6687
In base 12, what is 2b1a2 + 0?
2b1a2
In base 7, what is -166320065 + 5?
-166320060
In base 2, what is 11000000 - 1100111101101100?
-1100111010101100
In base 12, what is -107 - 16728?
-16833
In base 8, what is -566223222 + 4?
-566223216
In base 7, what is -14 - -15231055?
15231041
In base 10, what is -63 - 2248167?
-2248230
In base 5, what is -2243201103 - -13?
-2243201040
In base 8, what is -4 - -22412442?
22412436
In base 14, what is -14ca - -182ab?
16bc1
In base 7, what is 214002355 + 32?
214002420
In base 7, what is -44123123336 - 0?
-44123123336
In base 4, what is -20313203022120 + -10?
-20313203022130
In base 7, what is -5 + 12640363?
12640355
In base 8, what is -1371 - -50230?
46637
In base 2, what is -101100010101001000110000 - 11?
-101100010101001000110011
In base 15, what is 363147 + -18?
36312e
In base 13, what is 1a8c0274 - 3?
1a8c0271
In base 12, what is 1a38 - -30a8?
4b24
In base 12, what is 0 + -46370979?
-46370979
In base 8, what is -4 - -235222552?
235222546
In base 3, what is -11110 + -1002012121121?
-1002012210001
In base 2, wha